e highest common divisor of f and 10?
2
Let j = 81 - 37. Suppose -808*n + 4188 = -26076 + 3600. What is the highest common divisor of j and n?
11
Suppose 2*j - j = 55. Suppose -v - a + 27 = -10, -220 = -5*v + 2*a. Suppose -b - i + 8 = 0, 5*b + 2*i = v + 7. Calculate the greatest common factor of j and b.
11
Let f = 63 - 352. Let z = f - -294. Calculate the highest common factor of z and 160.
5
Let r be ((-6)/(-10))/((-31)/(-6510)). Suppose v - l - 34 = -0*l, 0 = 4*v + l - r. Let n = -4 - -8. Calculate the highest common factor of v and n.
4
Let u = 737 - 373. What is the highest common divisor of 448 and u?
28
Suppose 0 = 2*o + 4*r - 1782 - 3128, -o + 2536 = 29*r. Calculate the greatest common factor of 62 and o.
31
Suppose 3*z - k = 432, -117*z + 121*z + 3*k = 576. Calculate the greatest common factor of 1206 and z.
18
Suppose 0 = 4*n - 41*g + 42*g - 406, n + 5*g = 130. What is the highest common divisor of n and 1775?
25
Let u = 45377 - 23312. Calculate the highest common divisor of 15 and u.
15
Suppose -d + 9032 = 7*r - 5*d, -d + 5171 = 4*r. What is the greatest common factor of r and 85?
17
Suppose -5*m + m + 3*b + 1516 = 0, 3*m - 1138 = 2*b. Suppose -10*z + m + 11258 = 0. What is the highest common factor of 12 and z?
12
Let g be (((-27)/6)/9)/(12/(-12432)). Calculate the greatest common divisor of g and 14.
14
Suppose -387*w + 466*w = 14931. Calculate the highest common divisor of w and 55377.
189
Suppose -50 = 5*r - 5*v, r = -2*v + 5*v - 20. Let s = r + 55. Let q(d) = d**2 - 3*d + 6. Let y be q(4). Calculate the greatest common divisor of s and y.
10
Let x(d) = 3*d**2 - 66*d + 218. Let u be x(18). Calculate the highest common factor of u and 280.
2
Let z be 1*(5 + 4/(-2)) - (-15 + -147). Calculate the highest common divisor of z and 10560.
165
Let p(k) = -68*k + 2471. Let j be p(34). Calculate the greatest common divisor of j and 1431.
159
Suppose 6*x + 44 = -412. Let w = 78 + x. Suppose 2*m = 5*n - 105, 0*n + w*n - 42 = 2*m. What is the highest common divisor of 28 and n?
7
Let q = -31586 + 49134. Calculate the highest common factor of 82 and q.
82
Let b = 1820 - 1790. Let f = 54 - -46. What is the highest common divisor of b and f?
10
Let h(d) = 2*d - 13. Let s be h(18). Let m be 2 - ((-4)/6)/((-14)/21). Let t be (-2)/((-2)/m) + (-366)/(-2). Calculate the greatest common divisor of t and s.
23
Let t be (-17*18/612)/((-2)/252). Calculate the highest common divisor of 7203 and t.
21
Suppose -5*r + 11*x = 15*x - 342, 267 = 4*r + x. Suppose 5 + 19 = -4*z. Let y = z - -39. What is the highest common factor of y and r?
33
Suppose -41*x - 2396 = -100*x + 3799. Calculate the highest common factor of 285 and x.
15
Let q(a) = a**2 - 3*a + 4. Let z be q(7). Let y be ((-15)/(-25))/((-5)/(-100)). Let i be 771/y + 4/(-16). What is the greatest common divisor of z and i?
32
Let w be (26 + -7)/(-1*(-3)/(-6)). Let c = -23 - w. Calculate the greatest common divisor of 60 and c.
15
Let b(y) = 45 + y**2 + 40 + 8*y - 62. Let v be b(-7). Suppose 15*x + 6 = v*x. Calculate the greatest common divisor of x and 2.
2
Suppose 0 = i - 5 - 1. Suppose 2*a - 204 = -4*u, 2*u + 18 = 12. Suppose 5*r + r - a = 0. Calculate the greatest common factor of i and r.
6
Suppose -7*x + 1751 + 4703 = 0. Suppose q - 5*r - x = 0, -2*q - 3*r = -r - 1820. Suppose 8*v = 2936 - q. Calculate the greatest common divisor of v and 23.
23
Suppose -467*j + 2*t + 350 = -463*j, -5*j + 505 = 5*t. Calculate the greatest common divisor of j and 16008.
92
Suppose -2*o + 3 - 287 = -4*k, 4*k - 5*o - 296 = 0. What is the highest common divisor of 4 and k?
1
Let q = -13 - -27. Let z be 90/(-36)*(-44)/(-5). Let s = 34 - z. What is the greatest common factor of q and s?
14
Let o be (-9 + -100)/(3*4/(-108)). What is the highest common factor of o and 218?
109
Let i be 4*(-7 + (6 - -3)). Let d be (546/i - 4) + (-1)/4. What is the greatest common divisor of 72 and d?
8
Let c(m) = 671*m**2 - 24*m - 3. Let j be c(1). What is the greatest common divisor of j and 230?
46
Suppose 86*z = 94*z - 1344. What is the highest common divisor of 216 and z?
24
Suppose -33*w + 52 = -7*w. Suppose -i = w*i - 144. What is the greatest common factor of i and 60?
12
Suppose 5*l - 3*m = 263, 38*l - 43*l = -m - 271. What is the greatest common factor of 4455 and l?
55
Suppose -3*d - 3*d + 1044 = 0. Suppose -d = -4*n + n. Suppose -3*j = n - 214. What is the highest common factor of j and 26?
26
Suppose 0 = l - 2*l + k - 22, 5*l + 98 = k. Let r = l - -21. Suppose g = 3*i + 15, -4*g + 2*g + 26 = -r*i. What is the greatest common divisor of g and 24?
12
Let c be 6 - (9 - (13 + -8)). Suppose -4*k - 44 = 2*g - 6*g, 0 = c*g + 3*k - 22. Suppose -6*i = -i - 605. What is the greatest common divisor of i and g?
11
Let o = -87 - -43. Let s = o + 49. Suppose 0 = 14*v - 5*v - 45. What is the highest common divisor of v and s?
5
Let c be 58 + 240/((-432)/(-18)). What is the highest common factor of c and 24?
4
Let h be 516/21 - (-320)/(-560). Calculate the greatest common factor of h and 105.
3
Suppose -2*z + 183 = a + 33, 5*a - 750 = -5*z. Calculate the greatest common divisor of a and 50.
50
Let u(p) = p**3 + 46*p**2 - 47*p + 92. Let m be u(-47). Suppose -2*h = -4*w + 200, 6*w = 8*w - 3*h - m. What is the highest common factor of 117 and w?
13
Let r = -51 + 81. Let a be (-1)/(1*(-3)/267). Let k = a + -79. What is the greatest common factor of k and r?
10
Let x = 794 + -484. Suppose -77*j + 3*k = -79*j + x, 2*k - 475 = -3*j. What is the greatest common divisor of j and 14?
7
Suppose -3*x = s - 3180 + 992, -5*x = 2*s - 3647. What is the greatest common factor of x and 18?
9
Suppose 62*j - 561 = 59*j. Suppose 3*g - 15 = 6*g, -2*g - 120 = -5*x. What is the highest common factor of j and x?
11
Let v be (-2)/(4/(-70)) - -1. Let j(o) = -820*o - 24528. Let t be j(-30). What is the highest common factor of v and t?
36
Let h(v) = 38*v**3 - 2*v**2 + 8. Let r be h(-2). Let z = -243 - r. What is the greatest common factor of z and 122?
61
Suppose 3*u + g + 5 = -4*g, -2*g = -5*u + 64. Let y = 859 - 549. Calculate the greatest common factor of y and u.
10
Suppose 16 = 4*f, -3*z - 4*f + 492 = -f. Calculate the highest common factor of z and 7840.
160
Suppose -150*c + 154*c - 8 = 0. Let i(o) = o**3 + o. Let t be i(0). Suppose 5*k + 9 - 34 = t. Calculate the highest common factor of k and c.
1
Suppose 6*b - 21 = 63. Let r = -41 + 45. Suppose r*w + 5*m - 476 = -109, 4*m = -20. What is the highest common divisor of b and w?
14
Suppose 190*s = 57*s + 7448. What is the highest common divisor of 232 and s?
8
Let f = 15847 - 15112. What is the highest common divisor of f and 980?
245
Suppose 0 = -12*x + 5076 - 218 - 166. Calculate the highest common divisor of 697 and x.
17
Suppose 44*h + 196 = -5*h. Let g be (46*(h - -3))/((-4)/4). What is the greatest common divisor of g and 414?
46
Let g(y) = 157*y + 181. Let s be g(-1). Calculate the highest common divisor of s and 1648.
8
Let j(z) = 45*z - 31. Let s be j(5). What is the highest common factor of 679 and s?
97
Suppose 106*j + 297 = 4077 + 1838. Calculate the highest common divisor of j and 22843.
53
Suppose 0 = 793*w - 788*w - 20, 0 = h + w - 49. What is the highest common divisor of 165 and h?
15
Let v be (-8)/(-14) + 36/(-14). Let z be v/(-6) + (-3)/9. Suppose 0 = -4*a - 2*p - 23 + 79, -p + 2 = z. Calculate the highest common factor of a and 26.
13
Suppose -185*l + 54*l + 2294426 = 594308. What is the greatest common divisor of l and 412?
206
Let m(b) = -b**2 + 27*b - 21. Let r be m(26). Suppose r*q + 94 = o, -2*q - 115 + 477 = 5*o. Calculate the highest common divisor of 2 and o.
2
Let w be (-2)/7 + 6/21. Suppose -f = -5*z - 13, 4*f - 3*z - 11 - 7 = w. Suppose -12 = f*n, -a + 3 = 2*n + 1. Calculate the greatest common factor of 20 and a.
10
Let c(x) = 246*x - 102. Let h be c(1). Calculate the highest common factor of 960 and h.
48
Let c be (-1)/2*-4 - -16. Suppose 37*n + 277 - 1300 = 4638. What is the highest common factor of n and c?
9
Let w(c) = -54*c - 6414. Let z be w(-120). What is the greatest common divisor of z and 1408?
22
Let t be (-4)/(-3) - ((-49160)/12)/10. Calculate the greatest common factor of t and 3151.
137
Suppose 0 = -5*h + 5 - 15. Let x be 3 + 2 + 3 - h. What is the highest common d